{"id":46,"date":"2022-01-03T16:22:41","date_gmt":"2022-01-03T15:22:41","guid":{"rendered":"http:\/\/movo.sebastianplatz.de\/?page_id=46"},"modified":"2023-11-08T22:28:03","modified_gmt":"2023-11-08T21:28:03","slug":"die-chorleiterin","status":"publish","type":"page","link":"https:\/\/modern-voices.de\/index.php\/die-chorleiterin\/","title":{"rendered":"Unser Chorleiter"},"content":{"rendered":"\n<figure class=\"wp-block-gallery has-nested-images columns-default is-cropped wp-block-gallery-1 is-layout-flex wp-block-gallery-is-layout-flex\">\n<figure class=\"wp-block-image size-large\"><img loading=\"lazy\" decoding=\"async\" width=\"1024\" height=\"1024\" data-id=\"226\" src=\"http:\/\/movo.sebastianplatz.de\/wp-content\/uploads\/2023\/11\/image00012-2-1024x1024.jpeg\" alt=\"\" class=\"wp-image-226\" srcset=\"https:\/\/modern-voices.de\/wp-content\/uploads\/2023\/11\/image00012-2-1024x1024.jpeg 1024w, https:\/\/modern-voices.de\/wp-content\/uploads\/2023\/11\/image00012-2-300x300.jpeg 300w, https:\/\/modern-voices.de\/wp-content\/uploads\/2023\/11\/image00012-2-150x150.jpeg 150w, https:\/\/modern-voices.de\/wp-content\/uploads\/2023\/11\/image00012-2-768x768.jpeg 768w, https:\/\/modern-voices.de\/wp-content\/uploads\/2023\/11\/image00012-2-100x100.jpeg 100w, https:\/\/modern-voices.de\/wp-content\/uploads\/2023\/11\/image00012-2.jpeg 1496w\" sizes=\"(max-width: 767px) 89vw, (max-width: 1000px) 54vw, (max-width: 1071px) 543px, 580px\" \/><\/figure>\n\n\n\n<figure class=\"wp-block-image size-large\"><img loading=\"lazy\" decoding=\"async\" width=\"1024\" height=\"1024\" data-id=\"236\" src=\"http:\/\/movo.sebastianplatz.de\/wp-content\/uploads\/2023\/11\/image00002-4-1024x1024.jpeg\" alt=\"\" class=\"wp-image-236\" srcset=\"https:\/\/modern-voices.de\/wp-content\/uploads\/2023\/11\/image00002-4-1024x1024.jpeg 1024w, https:\/\/modern-voices.de\/wp-content\/uploads\/2023\/11\/image00002-4-300x300.jpeg 300w, https:\/\/modern-voices.de\/wp-content\/uploads\/2023\/11\/image00002-4-150x150.jpeg 150w, https:\/\/modern-voices.de\/wp-content\/uploads\/2023\/11\/image00002-4-768x768.jpeg 768w, https:\/\/modern-voices.de\/wp-content\/uploads\/2023\/11\/image00002-4-100x100.jpeg 100w, https:\/\/modern-voices.de\/wp-content\/uploads\/2023\/11\/image00002-4.jpeg 1496w\" sizes=\"(max-width: 767px) 89vw, (max-width: 1000px) 54vw, (max-width: 1071px) 543px, 580px\" \/><\/figure>\n<\/figure>\n\n\n\n<p>Carlos Trujillo Mendez <\/p>\n\n\n\n<p>Geboren in Bogota, Kolumbien bringt Carlos s\u00fcdamerikanisches Flair nach Neidenstein. Mit seiner fr\u00f6hlichen und unkomplizierten Art brachte er uns schon oft zum Lachen und sorgt so f\u00fcr eine ausgelassene, behagliche Atmosph\u00e4re.<\/p>\n\n\n\n<p>Musikalisch kann Carlos auf eine 16j\u00e4hrige Erfahrung als Profimusiker, Komponist, Arrangeur, Dirigent uvm. zur\u00fcckschauen. <\/p>\n\n\n\n<p><a href=\"http:\/\/www.carlostrujillo.info\">www.carlostrujillo.info<\/a><\/p>\n\n\n\n<p><\/p>\n","protected":false},"excerpt":{"rendered":"<p>Carlos Trujillo Mendez Geboren in Bogota, Kolumbien bringt Carlos s\u00fcdamerikanisches Flair nach Neidenstein. Mit seiner fr\u00f6hlichen und unkomplizierten Art brachte er uns schon oft zum Lachen und sorgt so f\u00fcr eine ausgelassene, behagliche Atmosph\u00e4re. Musikalisch kann Carlos auf eine 16j\u00e4hrige Erfahrung als Profimusiker, Komponist, Arrangeur, Dirigent uvm. zur\u00fcckschauen. www.carlostrujillo.info<\/p>\n","protected":false},"author":1,"featured_media":0,"parent":0,"menu_order":0,"comment_status":"closed","ping_status":"closed","template":"","meta":{"footnotes":""},"_links":{"self":[{"href":"https:\/\/modern-voices.de\/index.php\/wp-json\/wp\/v2\/pages\/46"}],"collection":[{"href":"https:\/\/modern-voices.de\/index.php\/wp-json\/wp\/v2\/pages"}],"about":[{"href":"https:\/\/modern-voices.de\/index.php\/wp-json\/wp\/v2\/types\/page"}],"author":[{"embeddable":true,"href":"https:\/\/modern-voices.de\/index.php\/wp-json\/wp\/v2\/users\/1"}],"replies":[{"embeddable":true,"href":"https:\/\/modern-voices.de\/index.php\/wp-json\/wp\/v2\/comments?post=46"}],"version-history":[{"count":9,"href":"https:\/\/modern-voices.de\/index.php\/wp-json\/wp\/v2\/pages\/46\/revisions"}],"predecessor-version":[{"id":245,"href":"https:\/\/modern-voices.de\/index.php\/wp-json\/wp\/v2\/pages\/46\/revisions\/245"}],"wp:attachment":[{"href":"https:\/\/modern-voices.de\/index.php\/wp-json\/wp\/v2\/media?parent=46"}],"curies":[{"name":"wp","href":"https:\/\/api.w.org\/{rel}","templated":true}]}}

<figure class="wp-block-gallery has-nested-images columns-default is-cropped wp-block-gallery-1 is-layout-flex wp-block-gallery-is-layout-flex">
<figure class="wp-block-image size-large"><img loading="lazy" decoding="async" width="1024" height="1024" data-id="226" src="http://movo.sebastianplatz.de/wp-content/uploads/2023/11/image00012-2-1024x1024.jpeg" alt="" class="wp-image-226" srcset="https://modern-voices.de/wp-content/uploads/2023/11/image00012-2-1024x1024.jpeg 1024w, https://modern-voices.de/wp-content/uploads/2023/11/image00012-2-300x300.jpeg 300w, https://modern-voices.de/wp-content/uploads/2023/11/image00012-2-150x150.jpeg 150w, https://modern-voices.de/wp-content/uploads/2023/11/image00012-2-768x768.jpeg 768w, https://modern-voices.de/wp-content/uploads/2023/11/image00012-2-100x100.jpeg 100w, https://modern-voices.de/wp-content/uploads/2023/11/image00012-2.jpeg 1496w" sizes="(max-width: 767px) 89vw, (max-width: 1000px) 54vw, (max-width: 1071px) 543px, 580px" /></figure>



<figure class="wp-block-image size-large"><img loading="lazy" decoding="async" width="1024" height="1024" data-id="236" src="http://movo.sebastianplatz.de/wp-content/uploads/2023/11/image00002-4-1024x1024.jpeg" alt="" class="wp-image-236" srcset="https://modern-voices.de/wp-content/uploads/2023/11/image00002-4-1024x1024.jpeg 1024w, https://modern-voices.de/wp-content/uploads/2023/11/image00002-4-300x300.jpeg 300w, https://modern-voices.de/wp-content/uploads/2023/11/image00002-4-150x150.jpeg 150w, https://modern-voices.de/wp-content/uploads/2023/11/image00002-4-768x768.jpeg 768w, https://modern-voices.de/wp-content/uploads/2023/11/image00002-4-100x100.jpeg 100w, https://modern-voices.de/wp-content/uploads/2023/11/image00002-4.jpeg 1496w" sizes="(max-width: 767px) 89vw, (max-width: 1000px) 54vw, (max-width: 1071px) 543px, 580px" /></figure>
</figure>



<p>Carlos Trujillo Mendez </p>



<p>Geboren in Bogota, Kolumbien bringt Carlos südamerikanisches Flair nach Neidenstein. Mit seiner fröhlichen und unkomplizierten Art brachte er uns schon oft zum Lachen und sorgt so für eine ausgelassene, behagliche Atmosphäre.</p>



<p>Musikalisch kann Carlos auf eine 16jährige Erfahrung als Profimusiker, Komponist, Arrangeur, Dirigent uvm. zurückschauen. </p>



<p><a href="http://www.carlostrujillo.info">www.carlostrujillo.info</a></p>



<p></p>

<p>Carlos Trujillo Mendez Geboren in Bogota, Kolumbien bringt Carlos südamerikanisches Flair nach Neidenstein. Mit seiner fröhlichen und unkomplizierten Art brachte er uns schon oft zum Lachen und sorgt so für eine ausgelassene, behagliche Atmosphäre. Musikalisch kann Carlos auf eine 16jährige Erfahrung als Profimusiker, Komponist, Arrangeur, Dirigent uvm. zurückschauen. www.carlostrujillo.info</p>
